 common divisor of n and i.
13
Suppose 29 = 33*p - 70. Suppose 4*s + 2*k + 2*k - 72 = 0, 0 = s - k - 12. What is the highest common divisor of p and s?
3
Let g = -96 + 99. Let t be 6/((-18)/(-37)) + (-1)/g. Calculate the greatest common divisor of 192 and t.
12
Suppose s - 8 = 4*p + 6, -5*s + 5*p + 25 = 0. Let g(w) = w**2 + w - 2. Let x be g(s). What is the highest common factor of 2 and x?
2
Let d = -196 + 244. Let h be (-1)/1 - (-11 - -7). Calculate the highest common factor of d and h.
3
Suppose -19 + 7 = -3*l. Suppose 87 = 5*z + 4*u, -z + 2*u + 69 = l*z. Calculate the greatest common factor of z and 6.
3
Suppose 0 = -3*l - 9, -2*l + 24 = 4*k - 6. Let q(z) = -4*z + 27. Let b be q(8). Let t = 6 + b. Calculate the highest common divisor of t and k.
1
Suppose -m + g = -74, 3*g = 5*m + 8*g - 330. Let i = -195 - -205. What is the highest common factor of m and i?
10
Let t(k) = -k**3 + 24*k**2 - 38*k + 18. Let b be t(22). What is the greatest common factor of 550 and b?
50
Suppose -2*m - 458 = -5*y - 92, 8 = 4*m. Calculate the greatest common divisor of y and 518.
74
Let i(j) = -j + 11. Let u be 22 + 4/(-2)*-1. Let x = u + -15. Let g be i(x). Calculate the highest common factor of g and 2.
2
Let o(b) be the first derivative of -b**4/2 + b**3/3 + 7*b**2/2 + 10*b + 2. Let a be o(-4). Let t = -9 + 23. Calculate the greatest common divisor of t and a.
14
Suppose -2528 = -20*a + 4*a. Suppose 11*b - a - 128 = 0. Calculate the greatest common divisor of 130 and b.
26
Let t = 16 + -15. Let q be 54/(-12)*(t - 23). Let p(c) = -c**2 + 8*c - 3. Let l be p(6). What is the highest common factor of q and l?
9
Let w(p) = -p**3 + 4*p**2 + 16*p - 3. Let m = -142 - -148. Let f be w(m). Calculate the highest common divisor of f and 231.
21
Suppose 9*v - o - 196 = 7*v, 2*o - 4 = 0. What is the highest common factor of 45 and v?
9
Suppose 923 = 22*g - 1079. What is the highest common divisor of 35 and g?
7
Let a(y) = y**2 + 2*y + 6. Let b be (-12 - -13)/(1/(-3)). Let m be a(b). Let h(n) = -13*n + 7. Let k be h(-5). Calculate the highest common divisor of m and k.
9
Suppose -16 + 91 = v. Calculate the greatest common factor of v and 60.
15
Suppose 5*m = 192 - 12. Suppose -2*a + 2*r + 34 = 0, -4*a = 5*r - 2*r - 40. Let z(i) = -i + 67. Let v be z(a). Calculate the greatest common factor of m and v.
18
Suppose -11*n + 40 + 26 = 0. Suppose -n*s + 44 = -136. What is the highest common factor of s and 15?
15
Let a(q) = 10*q**2 + 4*q + 2. Let w be a(-3). Suppose 127 = 5*x - 78. Suppose 5*m - 119 - x = 0. What is the greatest common divisor of m and w?
16
Suppose 5*b - 57 = -2*d, d + 12*b = 13*b + 39. What is the greatest common factor of d and 54?
18
Suppose 5*l - 41 = 3*c - 7*c, 3*l - 25 = -2*c. Suppose 3*o - 18 = -0. What is the greatest common divisor of o and l?
3
Suppose 0 = 3*o - 828 - 60. What is the greatest common factor of o and 16?
8
Suppose 10*n - 709 = 131. What is the highest common divisor of n and 132?
12
Let s = -33 + 80. What is the highest common factor of s and 1?
1
Suppose 76 = 21*y - 17*y. What is the highest common factor of y and 1159?
19
Let c(a) = a**3 - 3*a**2 - 22*a + 36. Let q be c(7). What is the highest common divisor of q and 52?
26
Suppose 0 = -4*u - u - 20. Let i be (-8)/(-12)*(-66)/u. Suppose -o + 2*o = i. Calculate the highest common divisor of 77 and o.
11
Let w be 5/3 + (-1)/(-3). Suppose -g = 3*h + g - 86, -3*h + w*g = -106. Suppose y = -7*y + h. Calculate the greatest common divisor of y and 32.
4
Let f(u) = -u**2 - 7*u + 5. Let k be f(-7). Let z be (-2)/(-5) - (-13)/k. Suppose -z*i + 2*i + 4 = 0. Calculate the highest common factor of 32 and i.
4
Let d be 1 + (70/15)/((-6)/9). Let k be (0*(-2)/d)/(-2) + 5. Calculate the greatest common factor of k and 5.
5
Let r be 1256/(-40) - 2/(-5). Let s = -28 - r. Calculate the greatest common divisor of 2 and s.
1
Let z be 48*(-60)/(-90)*6/8. Calculate the highest common factor of z and 1056.
24
Suppose 2*q = 3*x + x + 6, 5*x + 2*q + 12 = 0. Let t be ((-3)/15*-5)/(x/(-10)). What is the greatest common divisor of 55 and t?
5
Let d = -65 + 81. Calculate the greatest common factor of 208 and d.
16
Let z(m) = -m**3 - 2*m**2 + 4*m + 2. Let o be z(-3). Let i be (1 + o)*4/(-12). Suppose -2*j + i*j + 2 = 0. Calculate the highest common factor of j and 9.
1
Let z = -36 - -38. Suppose 5*r + 2*t = 56, -z*r - 2*t + 35 = 3*t. Calculate the highest common factor of 100 and r.
10
Let m = 55 - 31. Suppose 2*l = 1 + 3. Suppose -l*i = -9 - 15. Calculate the greatest common divisor of i and m.
12
Suppose 0*i = -2*h + 3*i - 2, 5*h + i - 12 = 0. Calculate the greatest common factor of h and 68.
2
Let c be (-4)/30 - 47/(-15). Let s = 2 - c. Let b be 8 - -6 - (s - -2). What is the highest common divisor of 39 and b?
13
Suppose -p = -1, 2*p = -5*w + 109 - 12. Suppose -2*o - r + 195 = 0, o + 0*r - 3*r = 80. Calculate the greatest common divisor of o and w.
19
Suppose -4*t - 6 = -54. Let x be 3*t*20/15. What is the highest common factor of 144 and x?
48
Let j = 2 + 0. Let f be ((-60)/(-45))/(2 + 4317/(-2160)). Let v be ((-3)/(-6))/(j/f). What is the highest common factor of 30 and v?
30
Suppose 44 = -4*w + 176. Suppose -3*k + v + 2*v + 354 = 0, 5*k - 590 = 4*v. Suppose 6*u - 14 = k. Calculate the greatest common factor of w and u.
11
Suppose 3*p - 5*z - 178 + 33 = 0, -p = -5*z - 45. Let o = -11 + p. What is the highest common factor of 351 and o?
39
Suppose -15 = 5*z, -14*z + 15*z = 3*x - 84. Calculate the highest common factor of x and 108.
27
Suppose 0 = -3*c + 371 - 20. Let a = 95 + -47. Suppose 3*f - 71 = -5*p, f - a = -4*p + 3*f. Calculate the greatest common factor of c and p.
13
Let r be 0 + (-4*1)/(-2). Let h be 4/6 + 14/6. Let s be -3 + h*34/6. What is the highest common factor of s and r?
2
Suppose 3*d - 4*v - 34 = v, -v = -2*d + 32. Let l be 1/(-3) + 217/3. Calculate the highest common divisor of d and l.
18
Let l(h) = 8*h + 10 - 4*h - 4 - h**3 + 6*h**2. Let o be l(6). Let z(m) = -2*m. Let r be z(-6). Calculate the greatest common divisor of r and o.
6
Suppose 2*v + v - 3*w = -3, -5*w + 25 = 0. Let r be 100/7 + v/(-14). What is the highest common divisor of r and 2?
2
Let k = -422 - -492. What is the greatest common divisor of k and 210?
70
Suppose -519 = -4*q + 3*g, 5*q - 2*g + 0*g - 640 = 0. Calculate the highest common divisor of q and 18.
18
Suppose 2*d - u = 2*u - 38, 3*d + 4*u = -57. Let f = 5 - d. Calculate the highest common factor of 3 and f.
3
Let j(i) = i**3 + 11*i**2 - 3*i + 16. Let y be j(-11). Suppose -n - 14 = -y. Calculate the greatest common divisor of 7 and n.
7
Suppose -6*a + a = l - 465, l + 2*a - 456 = 0. What is the greatest common factor of l and 18?
18
Let f(u) = 3*u - 3. Suppose 3*w = -5*b + 6*w + 32, 4*b + 2*w = 8. Let d be f(b). Let r = 2948 - 2942. What is the greatest common factor of r and d?
3
Suppose 3*n = 5*n - 28. Suppose -4*q - 22 = -5*j, 2*j - 27 = 2*q - 17. Let h = n + j. Calculate the greatest common divisor of 40 and h.
8
Let g be 8 + -13 - (-7 + -1). Let q be g + 1 - (-2)/1. What is the highest common factor of 30 and q?
6
Let g(v) = v**3 + v**2 - 14*v. Let a be g(4). Calculate the highest common divisor of a and 552.
24
Suppose 31 + 4 = -5*l. Let i = l + 16. What is the highest common divisor of i and 9?
9
Let s(h) = h. Let w be s(3). Let f be ((-12)/28)/((-2)/14). Suppose -f*x - 2 = -5. Calculate the greatest common divisor of x and w.
1
Let u = 103 - 89. Let g be 36920/280 + 2/u. What is the highest common factor of g and 12?
12
Suppose 17*s + 740 = 11790. What is the highest common divisor of 100 and s?
50
Let c be ((-9)/(-5))/(7*4/140). Suppose 4*h = 4*n + 892, 3*h + 4*n = h + 440. Let g = h + -123. Calculate the highest common divisor of g and c.
9
Let h be (-7 + 11502/45)*5. Calculate the highest common factor of 11 and h.
11
Let t(c) = c**3 - 3*c**2 + 5. Let a be -2*1/4 - 28/(-8). Let f be t(a). What is the greatest common factor of 45 and f?
5
Let s be (-31 + 1)*(-2 + 21/15). Let o = 5 + -3. Calculate the highest common divisor of o and s.
2
Let c be (-8)/(-84)*-3 + 216/21. Suppose -14 = -c*y + 16. Calculate the highest common divisor of y and 33.
3
Let v = -12 - -27. Let d = -15 - -20. Let x = d + -2. Calculate the greatest common factor of v and x.
3
Let x